e the prime factors of d?
2, 3, 11
Let r(i) = 2*i**2 - i + i**2 - i**2 + 2. List the prime factors of r(1).
3
Let c(w) = w**3 + 8*w**2 + 3*w - 7. Let n be c(-7). Suppose -n = -p - y + 8, -4*p = y - 113. List the prime factors of p.
2, 7
Suppose -2*z - 170 = 3*c - 7*c, -3*c + 117 = -5*z. List the prime factors of ((-19692)/c)/(-3) - (-6)/(-33).
149
Let d be (-2022)/(-9)*(-12)/8. Let x = -109 - d. What are the prime factors of x?
2, 3, 19
Suppose 3*u = 3*w - 417, 0 = -4*w - 2*u + 629 - 55. What are the prime factors of w?
2, 71
Suppose g = 3*y + 592, 0 = 4*g + 122*y - 124*y - 2328. List the prime factors of g.
2, 5, 29
What are the prime factors of (-2)/(-2) - (-84)/14?
7
Let n(z) = -z**3 + 20*z**2 - 17*z - 3. What are the prime factors of n(13)?
7, 137
Let y = 329 - 97. What are the prime factors of y?
2, 29
Let y(v) = -2*v + 24. Let r be y(10). Suppose -8 = -5*m + 2. Suppose n = m*w - 48, r*w = -0*n + 5*n + 90. What are the prime factors of w?
5
Let q = 169 + 35. What are the prime factors of q?
2, 3, 17
Let h = 392 - 624. Let b = 525 + -529. What are the prime factors of -1 - (1 - h/b)?
2, 7
Suppose -4*j - 798 = 3*m - 8015, -4*j + 7237 = -m. What are the prime factors of j?
2, 113
Let k(j) = -4*j**3 + 6*j**2 + 6*j + 16. Let p be k(-4). Let x = p - 195. List the prime factors of x.
149
Let m(c) = c**2 + 6 + c + 5*c - 3 + c**2. What are the prime factors of m(5)?
83
Let t(l) = -1 + 14*l**2 + 16*l**2 - 9*l**2 + 0 + 2*l. List the prime factors of t(2).
3, 29
Suppose 0*r - 5*b - 13 = -r, -3*r + 13 = -2*b. What are the prime factors of r - -52*14/4?
5, 37
Let h(v) = -v**3 + 8*v**2 + 3*v - 4. Let t(x) = 2*x**2 - 15*x - 1. Let o be t(8). List the prime factors of h(o).
2, 3, 11
Suppose -25*v = -24*v - 627. List the prime factors of v.
3, 11, 19
Let p = 4 + -8. What are the prime factors of p - (-48 - (2 - 4))?
2, 3, 7
Let a = 3172 + -1968. What are the prime factors of a?
2, 7, 43
Let b(z) = z**3 - 24*z**2 - 6*z + 265. What are the prime factors of b(30)?
5, 1097
Let j(t) = 691*t**2 - 10*t + 20. What are the prime factors of j(2)?
2, 691
Let s = 1 + 1. Suppose -n = -3*a - s*n + 13, 5*a - n = 11. What are the prime factors of (-1)/(((-3)/a)/2)?
2
Let l be (-24)/(12/(-8) - 0). Let s = l - 12. Suppose 0 = -v - s*v + 175. What are the prime factors of v?
5, 7
Suppose 44*u + 3730 = 49*u. List the prime factors of u.
2, 373
Let k(w) = 2*w**2 - 2*w + 3. Let v be -1 - ((-2)/(-2) - 2). Suppose -o = -v*o - 2. List the prime factors of k(o).
7
Suppose 19 = 2*c + 3*c - 4*b, -c + 4*b = -7. Suppose 5*f + 2*u = 17, f + c*u - 1 = 2*u. Suppose -f*h + h = -68. List the prime factors of h.
17
Suppose -3*n + 50 = -130. Suppose 4*y + 0*y - n = 0. What are the prime factors of y?
3, 5
Let n = 369 + 23. What are the prime factors of n?
2, 7
Let s(l) = -145*l - 5. Let d be s(-7). Suppose 3*w - h = 4*h - d, 0 = 3*w - 2*h + 1016. What are the prime factors of w/(-25) + 4/10?
2, 7
Let f = -289 - -2086. What are the prime factors of f?
3, 599
Let o be 2/(-3) - (-26)/39. Suppose -v = -o*v. Suppose v = -2*w + 2, -p + 3*p - 26 = 2*w. List the prime factors of p.
2, 7
Let l(g) = 10 + 9 + 1 + g. What are the prime factors of l(19)?
3, 13
Let t(p) = 2*p**2 - 20*p + 20*p + 33 - 3*p**2. What are the prime factors of t(0)?
3, 11
Let m(g) be the second derivative of g**5/20 + g**4/2 - g**3 - g**2 + g - 6. List the prime factors of m(4).
2, 67
Let z be -1*4/2 - (-6 - -11). Let m(n) = n**2 - 2*n - 15. List the prime factors of m(z).
2, 3
Let q(p) = 6*p + 16. Let b(d) = 7*d + 17. Let v(w) = -5*b(w) + 4*q(w). Let m be v(-11). Let a = m + -69. List the prime factors of a.
31
Suppose 0 = -2*q - 2, 2*z - 6*z - 787 = -q. Let c = z - -384. What are the prime factors of c?
11, 17
Let q(n) = -21*n - 9. Let p be q(11). Let t = 436 + p. What are the prime factors of t?
2, 7
Let m(y) = y**3 - y**2 - 4*y - 4. Let t be m(4). Let u = -756 + 763. Let d = t + u. What are the prime factors of d?
5, 7
Let l be ((-3)/(-7) + 2/28)*10. Let d = 19 + -8. Suppose 5*x + l*u - 85 = 0, 4*x + 5*u = 5*x - d. What are the prime factors of x?
2
Suppose 15*m = 2170 - 130. List the prime factors of m.
2, 17
Suppose 111*m - 129*m + 94914 = 0. List the prime factors of m.
5273
Suppose -17 = 4*m - 9*m - 3*a, m + 4*a = 0. What are the prime factors of ((-290)/(-1))/(-2 + m)?
5, 29
Let o be 8/(-48) - 626/(-12). Suppose -2*v + 5 + 27 = 4*m, -24 = -3*m - 3*v. Suppose m = 3*l - o. List the prime factors of l.
2, 5
Let s be (-16)/(-72) + 1411/9. Suppose 6*z = 5*z + s. List the prime factors of z.
157
Let r(y) = 2 + 10 + 6*y + 1 - y**2. Let i be r(8). What are the prime factors of 1/(((-12)/20)/i)?
5
Let j(d) = -5*d + 22. Suppose -2 = 3*w - 4*w. Suppose -w*z + 4*x - 23 - 11 = 0, 3*z + 5*x - 4 = 0. List the prime factors of j(z).
3, 19
Let j = -4 + 26. Let o = j + -12. Suppose 12 = o*z - 4*z. List the prime factors of z.
2
Suppose 41*z - 17*z - 9240 = 0. List the prime factors of z.
5, 7, 11
Let y(z) = z**2 - 3*z - 4. Let a be y(5). Suppose -g + 1 + a = 0. What are the prime factors of g?
7
Suppose 1788 = 4*p + 344. Suppose 3*l - 4*t - 237 = -t, 5*t - p = -4*l. What are the prime factors of l?
2, 3, 7
Suppose 0 = -o + 4*h + 4509, 3*o + 3*h = -2*o + 22568. What are the prime factors of o?
4513
Let a be (-1 - -1) + 84/7. Suppose a = -5*l - 3. What are the prime factors of 13 + 2 + (l - -1)?
13
Let w = 2317 + 92. What are the prime factors of w?
3, 11, 73
Suppose -10*x + 853 = -1197. List the prime factors of x.
5, 41
Let t be ((-1098)/8)/(39/(-208)). Let g be t/(-10) + (-3)/(-15). Let h = -51 - g. What are the prime factors of h?
2, 11
Let r = 20 + -13. Let s(w) = w - 5. Let g be s(r). Suppose -4*z + 3*o + 66 = -z, -g*z - 3*o + 64 = 0. What are the prime factors of z?
2, 13
Suppose -5*h - 4*q + 20 + 0 = 0, 2*q = -3*h + 10. Suppose h = 4*p - 0*p - 8. Suppose -g - 7 = -p*g. List the prime factors of g.
7
Let b be (3/(-2))/(6/(-8)). Suppose w = -b*w + 4*z + 14, -5*z = -w + 23. List the prime factors of w - (3/3 - 21).
2, 3
Let o(h) = -h**3 + 7*h**2 - 4*h + 18. Suppose 0 = -3*r - 5*w + 18, -r + 0*r + w = -6. What are the prime factors of o(r)?
2, 3, 5
Let w = -93 + 138. Suppose 6*d - 483 = w. What are the prime factors of d?
2, 11
Let m(s) = 2*s**2 - 5*s + 12. Let h be m(5). Let l = h + -23. Suppose -f + l = -4. What are the prime factors of f?
2, 3
Suppose -197 = -2*t + 9. Let c(m) = -2*m**3 + 6*m**2 - 12*m + 12. Let i be c(4). Let x = t + i. What are the prime factors of x?
5, 7
Suppose 3*m + 6 = 0, -u + 136 = -4*u + m. Let c = -18 - u. What are the prime factors of c?
2, 7
Let p = 2678 + -1985. List the prime factors of p.
3, 7, 11
List the prime factors of 4/14 - (9507/7)/(-3).
3, 151
Suppose 3*z - 2*p - 4884 - 5102 = 0, 0 = -4*z + 4*p + 13316. What are the prime factors of z?
2, 13
Suppose 0 = -p + 5*p - 4*r + 8, 3*p = -2*r + 14. Suppose 4*n + p*d = d + 239, -3*n + 186 = 3*d. List the prime factors of n.
59
What are the prime factors of 3/9 - 11440/(-24)?
3, 53
Let t(k) = 2*k**2 - 24*k + 113. What are the prime factors of t(-44)?
71
Suppose -15*s + 4928 = -12*s + 2*f, 4*s = 2*f + 6566. List the prime factors of s.
2, 821
Let q(v) = -v**2 + 10*v - 19. Let z be q(6). Suppose z*k = 409 + 46. Suppose -3*a + k + 59 = 3*u, u + 2*a - 46 = 0. What are the prime factors of u?
2, 3
Let d(i) = -2*i**3 - i**2 - 4*i - 2. Let r be d(-3). Suppose u - r = -21. What are the prime factors of u?
2, 17
Let j(g) = -g**3 - 11*g**2 + 2*g + 4. Let z be j(-9). Let a be -5*1*z/(-55). What are the prime factors of (-2)/4*(-2 + a)?
3
Let a(n) = -20*n + 4*n - 2 - 6*n. Let q = -20 - -18. List the prime factors of a(q).
2, 3, 7
Suppose 74 = 3*m - 2620. What are the prime factors of m?
2, 449
Let p = -374 + 852. What are the prime factors of p?
2, 239
Let k(s) = -42*s + 214. What are the prime factors of k(-12)?
2, 359
Let y(h) = -h**3 + 6*h**2 - 8*h + 7. Let k be y(8). Let m = k - -265. What are the prime factors of m?
2, 5
Suppose 2*r = -2*f + 52, 2*r - 37 = -2*f + 3*r. Suppose -7*w - f = -798. What are the prime factors of w?
3, 37
Let h(o) = o**2 - 8*o - 14. Let n(s) = s + 1. Let w be n(2). Let l = w - -7. List the prime factors of h(l).
2, 3
Let m(i) = i**3 + 10*i**2 - 11*i + 1. Let n be m(-11). Suppose -2*z = -n - 1. List the prime factors of 1 - z/((-1)/